
{"id":22,"date":"2025-05-22T23:32:28","date_gmt":"2025-05-23T02:32:28","guid":{"rendered":"https:\/\/www.rede102.com.br\/materiais\/index.php\/carrinho\/"},"modified":"2025-05-24T14:53:11","modified_gmt":"2025-05-24T17:53:11","slug":"carrinho","status":"publish","type":"page","link":"https:\/\/www.rede102.com.br\/materiais\/index.php\/carrinho\/","title":{"rendered":"Carrinho"},"content":{"rendered":"<div data-block-name=\"woocommerce\/cart\" class=\"wp-block-woocommerce-cart alignwide is-loading\"><div data-block-name=\"woocommerce\/filled-cart-block\" class=\"wp-block-woocommerce-filled-cart-block\"><div data-block-name=\"woocommerce\/cart-items-block\" class=\"wp-block-woocommerce-cart-items-block\"><div data-block-name=\"woocommerce\/cart-line-items-block\" class=\"wp-block-woocommerce-cart-line-items-block\"><\/div>\n\n<div data-block-name=\"woocommerce\/cart-cross-sells-block\" class=\"wp-block-woocommerce-cart-cross-sells-block\"><h2 class=\"wp-block-heading has-large-font-size\">Voc\u00ea pode estar interessado\u2026<\/h2>\n\n<div data-block-name=\"woocommerce\/cart-cross-sells-products-block\" class=\"wp-block-woocommerce-cart-cross-sells-products-block\"><\/div><\/div><\/div>\n\n<div data-block-name=\"woocommerce\/cart-totals-block\" class=\"wp-block-woocommerce-cart-totals-block\"><div data-block-name=\"woocommerce\/cart-order-summary-block\" class=\"wp-block-woocommerce-cart-order-summary-block\"><div data-block-name=\"woocommerce\/cart-order-summary-heading-block\" data-content=\"Total no carrinho\" class=\"wp-block-woocommerce-cart-order-summary-heading-block\"><\/div>\n\n<div data-block-name=\"woocommerce\/cart-order-summary-coupon-form-block\" class=\"wp-block-woocommerce-cart-order-summary-coupon-form-block\"><\/div>\n\n<div data-block-name=\"woocommerce\/cart-order-summary-totals-block\" class=\"wp-block-woocommerce-cart-order-summary-totals-block\"><div data-block-name=\"woocommerce\/cart-order-summary-subtotal-block\" class=\"wp-block-woocommerce-cart-order-summary-subtotal-block\"><\/div>\n\n<div data-block-name=\"woocommerce\/cart-order-summary-fee-block\" class=\"wp-block-woocommerce-cart-order-summary-fee-block\"><\/div>\n\n<div data-block-name=\"woocommerce\/cart-order-summary-discount-block\" class=\"wp-block-woocommerce-cart-order-summary-discount-block\"><\/div>\n\n<div data-block-name=\"woocommerce\/cart-order-summary-shipping-block\" class=\"wp-block-woocommerce-cart-order-summary-shipping-block\"><\/div>\n\n<div data-block-name=\"woocommerce\/cart-order-summary-taxes-block\" class=\"wp-block-woocommerce-cart-order-summary-taxes-block\"><\/div><\/div><\/div>\n\n<div data-block-name=\"woocommerce\/cart-express-payment-block\" class=\"wp-block-woocommerce-cart-express-payment-block\"><\/div>\n\n<div data-block-name=\"woocommerce\/proceed-to-checkout-block\" class=\"wp-block-woocommerce-proceed-to-checkout-block\"><\/div>\n\n<div data-block-name=\"woocommerce\/cart-accepted-payment-methods-block\" class=\"wp-block-woocommerce-cart-accepted-payment-methods-block\"><\/div>\n\n<hr class=\"wp-block-separator has-alpha-channel-opacity\"\/>\n\nWooCommerce n\u00e3o est\u00e1 ativo ou carrinho indispon\u00edvel.<\/div><\/div>\n\n<div data-block-name=\"woocommerce\/empty-cart-block\" class=\"wp-block-woocommerce-empty-cart-block\"><h2 class=\"wp-block-heading has-text-align-center with-empty-cart-icon wc-block-cart__empty-cart__title\">Seu carrinho est\u00e1 vazio no momento!<\/h2>\n\n<hr class=\"wp-block-separator has-alpha-channel-opacity is-style-dots\"\/>\n\n<h2 class=\"wp-block-heading has-text-align-center\">Novo na loja<\/h2>\n\n<div data-block-name=\"woocommerce\/product-new\" data-columns=\"4\" data-rows=\"1\" class=\"wc-block-grid wp-block-product-new wp-block-woocommerce-product-new wc-block-product-new has-4-columns\"><ul class=\"wc-block-grid__products\"><li class=\"wc-block-grid__product\">\n\t\t\t\t<a href=\"https:\/\/www.rede102.com.br\/materiais\/index.php\/produto\/plano-gratis\/\" class=\"wc-block-grid__product-link\">\n\t\t\t\t\t\n\t\t\t\t\t<div class=\"wc-block-grid__product-image\"><img loading=\"lazy\" decoding=\"async\" width=\"324\" height=\"324\" src=\"https:\/\/www.rede102.com.br\/materiais\/wp-content\/uploads\/2025\/05\/Plano-gratis-324x324.png\" class=\"attachment-woocommerce_thumbnail size-woocommerce_thumbnail\" alt=\"Plano Gr\u00e1tis\" srcset=\"https:\/\/www.rede102.com.br\/materiais\/wp-content\/uploads\/2025\/05\/Plano-gratis-324x324.png 324w, https:\/\/www.rede102.com.br\/materiais\/wp-content\/uploads\/2025\/05\/Plano-gratis-150x150.png 150w, https:\/\/www.rede102.com.br\/materiais\/wp-content\/uploads\/2025\/05\/Plano-gratis-100x100.png 100w, https:\/\/www.rede102.com.br\/materiais\/wp-content\/uploads\/2025\/05\/Plano-gratis.png 400w\" sizes=\"auto, (max-width: 324px) 100vw, 324px\" \/><\/div>\n\t\t\t\t\t<div class=\"wc-block-grid__product-title\">Plano Gr\u00e1tis<\/div>\n\t\t\t\t<\/a>\n\t\t\t\t<div class=\"wc-block-grid__product-price price\"><span class=\"woocommerce-Price-amount amount\"><span class=\"woocommerce-Price-currencySymbol\">&#082;&#036;<\/span>&nbsp;0,00<\/span><\/div>\n\t\t\t\t\n\t\t\t\t<div class=\"wp-block-button wc-block-grid__product-add-to-cart\"><a href=\"?add-to-cart=185\" aria-label=\"Adicione ao carrinho: &ldquo;Plano Gr\u00e1tis&rdquo;\" data-quantity=\"1\" data-product_id=\"185\" data-product_sku=\"\" data-price=\"0\" rel=\"nofollow\" class=\"wp-block-button__link  add_to_cart_button ajax_add_to_cart\">Adicionar ao carrinho<\/a><\/div>\n\t\t\t<\/li><li class=\"wc-block-grid__product\">\n\t\t\t\t<a href=\"https:\/\/www.rede102.com.br\/materiais\/index.php\/produto\/link-exclusivo-para-divulgacao\/\" class=\"wc-block-grid__product-link\">\n\t\t\t\t\t\n\t\t\t\t\t<div class=\"wc-block-grid__product-image\"><img loading=\"lazy\" decoding=\"async\" width=\"324\" height=\"324\" src=\"https:\/\/www.rede102.com.br\/materiais\/wp-content\/uploads\/2025\/05\/presenca-digital-324x324.png\" class=\"attachment-woocommerce_thumbnail size-woocommerce_thumbnail\" alt=\"Presen\u00e7a digital\" srcset=\"https:\/\/www.rede102.com.br\/materiais\/wp-content\/uploads\/2025\/05\/presenca-digital-324x324.png 324w, https:\/\/www.rede102.com.br\/materiais\/wp-content\/uploads\/2025\/05\/presenca-digital-150x150.png 150w, https:\/\/www.rede102.com.br\/materiais\/wp-content\/uploads\/2025\/05\/presenca-digital-100x100.png 100w, https:\/\/www.rede102.com.br\/materiais\/wp-content\/uploads\/2025\/05\/presenca-digital.png 400w\" sizes=\"auto, (max-width: 324px) 100vw, 324px\" \/><\/div>\n\t\t\t\t\t<div class=\"wc-block-grid__product-title\">Pacote Presen\u00e7a Digital<\/div>\n\t\t\t\t<\/a>\n\t\t\t\t<div class=\"wc-block-grid__product-price price\"><span class=\"woocommerce-Price-amount amount\"><span class=\"woocommerce-Price-currencySymbol\">&#082;&#036;<\/span>&nbsp;297,00<\/span><\/div>\n\t\t\t\t\n\t\t\t\t<div class=\"wp-block-button wc-block-grid__product-add-to-cart\"><a href=\"?add-to-cart=180\" aria-label=\"Adicione ao carrinho: &ldquo;Pacote Presen\u00e7a Digital&rdquo;\" data-quantity=\"1\" data-product_id=\"180\" data-product_sku=\"\" data-price=\"297\" rel=\"nofollow\" class=\"wp-block-button__link  add_to_cart_button ajax_add_to_cart\">Adicionar ao carrinho<\/a><\/div>\n\t\t\t<\/li><li class=\"wc-block-grid__product\">\n\t\t\t\t<a href=\"https:\/\/www.rede102.com.br\/materiais\/index.php\/produto\/plano-premium-destaque-maximo-no-guia-comercial\/\" class=\"wc-block-grid__product-link\">\n\t\t\t\t\t<div class=\"wc-block-grid__product-onsale\">\n\t\t\t<span aria-hidden=\"true\">Oferta<\/span>\n\t\t\t<span class=\"screen-reader-text\">Produto em promo\u00e7\u00e3o<\/span>\n\t\t<\/div>\n\t\t\t\t\t<div class=\"wc-block-grid__product-image\"><img loading=\"lazy\" decoding=\"async\" width=\"324\" height=\"324\" src=\"https:\/\/www.rede102.com.br\/materiais\/wp-content\/uploads\/2025\/05\/Plano-Premium-324x324.png\" class=\"attachment-woocommerce_thumbnail size-woocommerce_thumbnail\" alt=\"Plano Premium\" srcset=\"https:\/\/www.rede102.com.br\/materiais\/wp-content\/uploads\/2025\/05\/Plano-Premium-324x324.png 324w, https:\/\/www.rede102.com.br\/materiais\/wp-content\/uploads\/2025\/05\/Plano-Premium-150x150.png 150w, https:\/\/www.rede102.com.br\/materiais\/wp-content\/uploads\/2025\/05\/Plano-Premium-100x100.png 100w, https:\/\/www.rede102.com.br\/materiais\/wp-content\/uploads\/2025\/05\/Plano-Premium.png 400w\" sizes=\"auto, (max-width: 324px) 100vw, 324px\" \/><\/div>\n\t\t\t\t\t<div class=\"wc-block-grid__product-title\">\ud83d\udc8ePlano Premium \u2013 Destaque M\u00e1ximo na Plataforma e Mais Clientes<\/div>\n\t\t\t\t<\/a>\n\t\t\t\t<div class=\"wc-block-grid__product-price price\"><del aria-hidden=\"true\"><span class=\"woocommerce-Price-amount amount\"><span class=\"woocommerce-Price-currencySymbol\">&#082;&#036;<\/span>&nbsp;2.750,00<\/span><\/del> <span class=\"screen-reader-text\">O pre\u00e7o original era: &#082;&#036;&nbsp;2.750,00.<\/span><ins aria-hidden=\"true\"><span class=\"woocommerce-Price-amount amount\"><span class=\"woocommerce-Price-currencySymbol\">&#082;&#036;<\/span>&nbsp;1.290,00<\/span><\/ins><span class=\"screen-reader-text\">O pre\u00e7o atual \u00e9: &#082;&#036;&nbsp;1.290,00.<\/span><\/div>\n\t\t\t\t\n\t\t\t\t<div class=\"wp-block-button wc-block-grid__product-add-to-cart\"><a href=\"?add-to-cart=176\" aria-label=\"Adicione ao carrinho: &ldquo;\ud83d\udc8ePlano Premium \u2013 Destaque M\u00e1ximo na Plataforma e Mais Clientes&rdquo;\" data-quantity=\"1\" data-product_id=\"176\" data-product_sku=\"\" data-price=\"1290\" rel=\"nofollow\" class=\"wp-block-button__link  add_to_cart_button ajax_add_to_cart\">Adicionar ao carrinho<\/a><\/div>\n\t\t\t<\/li><li class=\"wc-block-grid__product\">\n\t\t\t\t<a href=\"https:\/\/www.rede102.com.br\/materiais\/index.php\/produto\/criacao-de-e-mail-corporativo\/\" class=\"wc-block-grid__product-link\">\n\t\t\t\t\t\n\t\t\t\t\t<div class=\"wc-block-grid__product-image\"><img loading=\"lazy\" decoding=\"async\" width=\"324\" height=\"324\" src=\"https:\/\/www.rede102.com.br\/materiais\/wp-content\/uploads\/2025\/05\/email-corporativo-324x324.png\" class=\"attachment-woocommerce_thumbnail size-woocommerce_thumbnail\" alt=\"e-mail corporatico\" srcset=\"https:\/\/www.rede102.com.br\/materiais\/wp-content\/uploads\/2025\/05\/email-corporativo-324x324.png 324w, https:\/\/www.rede102.com.br\/materiais\/wp-content\/uploads\/2025\/05\/email-corporativo-150x150.png 150w, https:\/\/www.rede102.com.br\/materiais\/wp-content\/uploads\/2025\/05\/email-corporativo-100x100.png 100w, https:\/\/www.rede102.com.br\/materiais\/wp-content\/uploads\/2025\/05\/email-corporativo.png 400w\" sizes=\"auto, (max-width: 324px) 100vw, 324px\" \/><\/div>\n\t\t\t\t\t<div class=\"wc-block-grid__product-title\">Cria\u00e7\u00e3o de E-mail Corporativo<\/div>\n\t\t\t\t<\/a>\n\t\t\t\t<div class=\"wc-block-grid__product-price price\"><span class=\"woocommerce-Price-amount amount\"><span class=\"woocommerce-Price-currencySymbol\">&#082;&#036;<\/span>&nbsp;200,00<\/span><\/div>\n\t\t\t\t\n\t\t\t\t<div class=\"wp-block-button wc-block-grid__product-add-to-cart\"><a href=\"?add-to-cart=164\" aria-label=\"Adicione ao carrinho: &ldquo;Cria\u00e7\u00e3o de E-mail Corporativo&rdquo;\" data-quantity=\"1\" data-product_id=\"164\" data-product_sku=\"\" data-price=\"200\" rel=\"nofollow\" class=\"wp-block-button__link  add_to_cart_button ajax_add_to_cart\">Adicionar ao carrinho<\/a><\/div>\n\t\t\t<\/li><\/ul><\/div><\/div><\/div>","protected":false},"excerpt":{"rendered":"","protected":false},"author":1,"featured_media":0,"parent":0,"menu_order":0,"comment_status":"closed","ping_status":"closed","template":"","meta":{"footnotes":""},"class_list":["post-22","page","type-page","status-publish","hentry"],"_links":{"self":[{"href":"https:\/\/www.rede102.com.br\/materiais\/index.php\/wp-json\/wp\/v2\/pages\/22","targetHints":{"allow":["GET"]}}],"collection":[{"href":"https:\/\/www.rede102.com.br\/materiais\/index.php\/wp-json\/wp\/v2\/pages"}],"about":[{"href":"https:\/\/www.rede102.com.br\/materiais\/index.php\/wp-json\/wp\/v2\/types\/page"}],"author":[{"embeddable":true,"href":"https:\/\/www.rede102.com.br\/materiais\/index.php\/wp-json\/wp\/v2\/users\/1"}],"replies":[{"embeddable":true,"href":"https:\/\/www.rede102.com.br\/materiais\/index.php\/wp-json\/wp\/v2\/comments?post=22"}],"version-history":[{"count":4,"href":"https:\/\/www.rede102.com.br\/materiais\/index.php\/wp-json\/wp\/v2\/pages\/22\/revisions"}],"predecessor-version":[{"id":88,"href":"https:\/\/www.rede102.com.br\/materiais\/index.php\/wp-json\/wp\/v2\/pages\/22\/revisions\/88"}],"wp:attachment":[{"href":"https:\/\/www.rede102.com.br\/materiais\/index.php\/wp-json\/wp\/v2\/media?parent=22"}],"curies":[{"name":"wp","href":"https:\/\/api.w.org\/{rel}","templated":true}]}}